 y - 7*p - 326 = -b*p. What is the remainder when y is divided by 54?
44
Suppose 2*a = -p - 58, 5*p - 4*p + 53 = -a. Calculate the remainder when (-183)/((-5 - 1*66/(-6)) + -9) is divided by p/(-10)*(-40)/(-6).
29
Let o = 3409 - 3360. What is the remainder when 105 is divided by o?
7
Suppose 7*i - 1861 = 12034. Suppose -i + 5795 = 10*q. Calculate the remainder when q is divided by 16.
13
Suppose 0 = 2*o - 12 + 186. Let k = -84 - o. Suppose -135 = -k*w - 5*q, 5*q = -w + 6*q + 45. What is the remainder when 89 is divided by w?
44
Suppose 0 = -9*u - 384 - 588. What is the remainder when 36 is divided by 1/6 + (-522)/u?
1
Let g(z) = -39*z**3 + 4*z - 1. What is the remainder when 238 is divided by g(-1)?
0
Let g = 69 + -28. Suppose g*v - 37*v = 352. What is the remainder when v is divided by 18?
16
Suppose -138*f = -98*f + 290*f - 44550. Calculate the remainder when f is divided by 89.
46
Suppose -349*h + 841 + 1337 + 265 = 0. What is the remainder when h is divided by (-2)/7 + 32/14?
1
Suppose -5*z = -c - 128 - 208, 203 = 3*z - 2*c. Calculate the remainder when (-43254)/(-93) - (-819)/(-8463) is divided by z.
63
Let v(r) = 2*r + 8. Suppose -1 = -d + 3. Suppose 56 = d*n + 4*q, 4*q = -5*n - 0*q + 68. What is the remainder when v(n) is divided by 17?
15
Let h be 10*(-14)/(-140) - 304. Let n = 796 + -1256. Let j = h - n. Calculate the remainder when j is divided by 40.
37
Suppose 2*t + 72 = 5*m - 41, t = 2*m - 46. Let h = -205 + 209. Suppose -c - h = c, 2*l + c = 120. What is the remainder when l is divided by m?
19
Suppose -117 = -o - 5*m + 64, 3*o - 439 = -2*m. What is the remainder when 556 is divided by o?
133
Suppose -39*s + 9646 = -735 - 890. Calculate the remainder when 1160 is divided by s.
4
Suppose -21*i + 16 = -19*i. Let f(u) = 2*u**3 - 11*u**2 + 15*u - 13. Calculate the remainder when f(7) is divided by i.
7
Let r(m) = -11*m - 775. Calculate the remainder when 286 is divided by r(-72).
14
Let l = 39 + 38. Suppose -20*s + 233 = -27. Calculate the remainder when l is divided by s.
12
Suppose 15381 = 7*y - 12930 + 7395. Calculate the remainder when y is divided by 46.
44
Suppose -19*j + 123432 - 101753 = 0. Calculate the remainder when 3450 is divided by j.
27
Let v(n) = -440*n + 2423. What is the remainder when v(5) is divided by 190?
33
Calculate the remainder when 799 is divided by ((-54)/22 + -3)/(-1 - 189/(-231)).
19
Let f(y) = -5*y**3 + 4*y + 3. Let p be 33 - 37 - (-3 + 0). What is the remainder when 6 is divided by f(p)?
2
Let z = 70 + -18. Suppose -2*j + z + 46 = 0. Suppose 29*o = 97 - 10 + 174. Calculate the remainder when j is divided by o.
4
Suppose -3*o + 5*o = 10. Let q(y) = -y**2 + 25*y - 167. Let d be q(31). Let j = d - -379. Calculate the remainder when j is divided by o.
1
Let u(k) = 32*k**2 + 20*k**2 - 57*k**2 - 5 - 2*k - 2*k**3. Calculate the remainder when 218 is divided by u(-3).
8
Let c(b) = 42*b**3 - 2*b**2 - 10*b**3 - 18*b - 31*b**3. Calculate the remainder when 286 is divided by c(6).
34
Let o be ((-1186)/3)/(14/(-21)). Suppose 0 = 10*h - o + 103. What is the remainder when 538 is divided by h?
48
Let c(o) = -3*o + 17. Let l = 36 + 2. Calculate the remainder when c(-16) is divided by l.
27
Let v(t) = t**2 + 3*t + 3. Let d be (-4)/(-14) + 128/(-56) - -7. Calculate the remainder when v(-9) is divided by d - (7 + -21) - -1.
17
Let p = 349750 - 349724. What is the remainder when p is divided by 3*2*(-13)/(-3)?
0
Let n(o) = o**2 - 10*o - 10. Let w be n(8). Let h = w + 80. Suppose -2*a - 12417 = -12445. Calculate the remainder when h is divided by a.
12
Let v(i) = -3*i**3 - i**2 - 23*i - 32. Let d(h) = h**3 + h**2 + h + 1. Let b(w) = -4*d(w) - v(w). Calculate the remainder when b(-7) is divided by 44.
3
Let l = 36 + -19. Let f(t) = 21*t - t**2 - 19*t - 13*t - l. Calculate the remainder when 11 is divided by f(-8).
4
Let q(h) = 2*h**2 + 5*h - 3. Let x be q(-3). Suppose x = -3*t + 3*g + 960 - 138, 4*t - 2*g - 1106 = 0. Calculate the remainder when t is divided by 8.
7
Suppose -3*y + 5*d = -25 - 1, d - 6 = -y. Suppose x + 9*n - 4*n + 54 = 0, -142 = 3*x + 5*n. What is the remainder when (x/y)/(2/(-7)) is divided by 9?
4
Calculate the remainder when 15769 is divided by 3/(-2) - (1050/(-12) - 9).
94
Let g(q) = -50*q + 2536. Suppose k + 3*k = 1876. Suppose 0 = 3*o - k + 40. What is the remainder when o is divided by g(50)?
35
Suppose 3*r + 147 = 5*j, -3*r - 18 - 21 = -j. Let f(s) = -7*s**2 + 2*s**2 + 6*s**2 - 5*s + 16. What is the remainder when f(9) is divided by j?
25
Let q = -9698 - -9739. Calculate the remainder when 145 is divided by q.
22
Let u be -1*(2 + 0 + -1). Let o be 2 + (u + 4 - 3)*1. Suppose o*t + 22 = 160. Calculate the remainder when t is divided by 14.
13
Suppose 171 = 3*j + 18. What is the remainder when (-3190)/(-25) + -40 + (-8)/(-20) is divided by j?
37
Let g(x) = 6*x + 149. Calculate the remainder when g(-8) is divided by -28*((-124)/40 - 88/(-55)).
17
What is the remainder when 95 is divided by 33/((-693)/(-1010)) + 2/(-21)?
47
Let q = 29386 + -28536. What is the remainder when q is divided by 277?
19
Let i(l) = -37*l - 783. Calculate the remainder when i(-23) is divided by 24.
20
Suppose -3*s - 43 = -5*v - 5*s, 4*v + 4*s - 44 = 0. Suppose u - 232 = -v*u. What is the remainder when 2*3/(12/226) is divided by u?
26
Suppose 215 = 3*t - 4*i, -22*t + 274 = -18*t + i. What is the remainder when 354 is divided by t?
9
Let v(u) = -328*u - 7314. Calculate the remainder when v(-25) is divided by 20.
6
Let m be (-17)/(-1) + -1 + 5. What is the remainder when (-6 - m)/((-2)/((-8)/(-4))) is divided by 10?
7
Let j(t) = 4*t**2 - 3*t + 3. Let g(z) = -z**2 - 51*z - 429. Calculate the remainder when j(3) is divided by g(-11).
8
Calculate the remainder when 103 - ((-5)/(-10) + 168/(-16)) is divided by ((-15)/2)/((-2)/4).
8
Let h = 17 - -3. Let j = 2331 - 2013. What is the remainder when j is divided by h?
18
Suppose 498*x + 3197 - 5593 = 8062. Suppose 0 = 3*r + c - 380, r - c - c = 115. Calculate the remainder when r is divided by x.
20
Let y(u) = -u**3 - 4*u**2 - 2*u. Let s = -34 + 32. Let a be y(s). Let j(q) = -q**2 - 11*q - 13. Calculate the remainder when 40 is divided by j(a).
10
Suppose 0 = 23*o - 24*o - 9. What is the remainder when (42/(-28))/(o/366) is divided by 32?
29
Suppose 604*n + 332 = 2*p + 601*n, 498 = 3*p + 5*n. What is the remainder when p is divided by 5?
1
Suppose 4*w - i - 29 = 0, w + w + 4*i - 10 = 0. Suppose 0 = -20*k - 163 - 217. Let x = 79 + k. Calculate the remainder when x is divided by w.
4
Let t = -495 - -495. Suppose -73*v + 81*v - 72 = t. What is the remainder when v is divided by 1?
0
Suppose -z = 3*z - 92. Calculate the remainder when 30 + 0/2 + 86 + 2324/(-28) is divided by z.
10
Let b(s) be the second derivative of s**5/20 - 13*s**4/12 + 17*s**3/6 - 10*s**2 + 4*s + 2. What is the remainder when 196 is divided by b(12)?
36
Suppose 27038*q + 143 = 27049*q. Calculate the remainder when 2326 is divided by q.
12
Let f(i) = -i**3 - 30*i**2 - 298*i - 343. Calculate the remainder when f(-30) is divided by 86.
83
Let o = -1731 + 2489. Let i = -713 + o. What is the remainder when 68 is divided by i?
23
Suppose -2*j = -2 + 4, -2*d - 2*j = -260. What is the remainder when 139 is divided by d?
8
Let f(w) = 2*w - 23. Let u be f(-15). Let g = 52 + u. What is the remainder when (g + 50/4)/(10/20) is divided by 8?
7
Let s(c) = 3*c**2 - c + 35. Let k be s(-8). Let l = -185 + k. What is the remainder when 242 is divided by l?
42
Suppose -2*z + 39*x + 6 = 35*x, 4*x - 8 = 0. What is the remainder when 264 is divided by z?
5
Suppose 1962*d = 1979*d - 425. Let n = 9 + 0. Suppose 0 = -5*m + l + 68, 0 = 3*m - 5*l - n - 45. Calculate the remainder when d is divided by m.
12
Let y be (1/1)/((-306)/63 + 5). Calculate the remainder when 59 is divided by -18*(-228)/126 - 4/y.
27
Let r(q) = 104*q + 5669. Calculate the remainder when r(-37) is divided by 33.
6
Let c be 36/21 + 2/7. Let t be (1/c)/((-2)/2304*-4). Suppose 3*q = -2*d + t, 0 = q + 2*d - 42 - 10. What is the remainder when q is divided by 12?
10
Let r = 3389 + -3004. Calculate the remainder when r is divided by 161.
63
Suppose -60*x + 13085 = 3245. Calculate the remainder when x is divided by 18.
2
Suppose -2*h + 3*h + 2395 = -3*a, 3*a - 2*h + 2410 = 0. L